276*o + 181*o + 10*o + b*o. Is n(1) a composite number?
False
Suppose -5*o = 2*k - 52779, -5*o - 4*k + 40629 = -12134. Is o a composite number?
False
Let l be (-44)/(-33)*-3 + 29*3. Is 47 + -43 - l*-15 a prime number?
True
Let p(r) = -r**3 - 15*r**2 + 14*r - 30. Let f be p(-16). Suppose -4*a - 16 = 0, 4*a = -f*d - d + 29573. Is d a prime number?
False
Let j(q) = -q**3 - 9*q**2 - 14*q + 1. Let g be j(-7). Let w be 2 + -2 + g + 2126. Suppose -l + 2127 = d, -l + 5*d = 2*d - w. Is l prime?
False
Suppose 3*x + 4*z - 258 = 5*z, -4*z = -2*x + 162. Let t = x - 2. Is t composite?
True
Is ((-36735797)/1330)/((-4)/40) a composite number?
False
Suppose 4*k + 4*s - 14776 = 0, 11201 + 7278 = 5*k + 2*s. Suppose 105 = -2*x + 107, -2*q - 3*x + k = 0. Is q composite?
False
Let z be 4 + (-7 - -4) - -12. Suppose z*c - 3*c - 20 = 0. Let h(n) = 5*n**2 + n - 3. Is h(c) a prime number?
True
Let k be 2524/(-6)*(-45)/30. Let f be (-9)/(-18)*(1 + k). Let r = 567 - f. Is r a prime number?
True
Suppose -2093*z - 3116431 = -2116*z. Is z a prime number?
True
Let s(k) = 4349*k**2 + 113*k - 1121. Is s(10) composite?
False
Suppose -929*h + 939*h - 896170 = 0. Is h a composite number?
True
Suppose -5*c = 3*v - 23, -c = -5*c - v + 24. Is 864050/154 - (-2)/c a composite number?
True
Suppose h = 6*h - 5*n + 5, 2*n + 8 = 0. Let l be h*1/(-15) + (-2)/6. Suppose l = -4*a, -2*u + 1191 = u + a. Is u composite?
False
Suppose -2*u + 874 = -4*c - 16708, 3*u + 4*c = 26353. Let k = -3964 + u. Suppose 0 = 6*l - 3991 - k. Is l a prime number?
False
Let p = 110 + -130. Let m(t) = -t**3 - 22*t**2 - 40*t + 4. Let z be m(p). Is 4/(1/z - 0) + 3 a composite number?
False
Let v = 349723 + -174890. Is v a composite number?
True
Suppose -3*o = -2*n - 21, 10*o - 7*o - 18 = n. Suppose -o*m + 745 + 50 = 0. Is m a composite number?
True
Let n(a) = a**3 + a**2 - 25*a - 165. Is n(16) a prime number?
False
Let j = 328297 - 76508. Is j composite?
False
Is -5 - (114/(4 - 14865/3714) + -2) a composite number?
False
Let p = -214 - -202. Let d(w) = 38*w**2 - 32*w + 41. Is d(p) composite?
False
Is 35336/(-42)*((-3)/(-6) - 2) a composite number?
True
Let w = -27885 - -43123. Suppose -3*o = -4025 - w. Is o a prime number?
True
Let r = -16 + 16. Let y(x) = -x**3 - x**2 + 86. Let m be y(r). Suppose 0 = 3*n - 503 + m. Is n prime?
True
Suppose -15*t - 24189 = -26*t. Suppose -82*n = -79*n - t. Is n prime?
True
Suppose -z = 2, -18*z - 9 = o - 14*z. Let g(i) = -12199*i**3 + i - 1. Is g(o) a prime number?
True
Let m = 137 - 122. Let b(d) = 20*d + 6 - 2 - m. Is b(8) prime?
True
Let i = 285 - 86. Let a = 124 + i. Suppose -w + a = -240. Is w a composite number?
False
Let w(h) = -11*h**2 + 11*h - 3. Suppose u + 7 = -0. Let p be w(u). Let c = -288 - p. Is c a composite number?
False
Let c(o) = 153*o**3 - 400*o**2 - 27*o + 11. Is c(8) composite?
True
Let t(o) = 2384*o**2 + 3*o + 3. Let w(y) = -y**2 + 8*y - 16. Let p be w(5). Let i be t(p). Let h = i - -981. Is h a composite number?
True
Let x = -2414 + 1528. Let k = x + 3015. Is k a prime number?
True
Suppose 2 = 14*v - 13*v. Suppose -v*u - 12 + 20 = 0. Suppose -u*i - 1247 = -t, -5 = 4*i - 1. Is t prime?
False
Let n(b) = -2905*b - 2801. Is n(-24) composite?
False
Suppose 60*h - 65*h + 31630 = 0. Suppose -112*n = -110*n - h. Is n composite?
False
Let s(i) = 13*i**3 + 3*i**2 + 6*i - 11. Let y(r) = 39*r**3 + 9*r**2 + 17*r - 33. Let f(j) = -17*s(j) + 6*y(j). Is f(3) a composite number?
False
Suppose -2*k = -3 - 19. Suppose -k*l = -7*l - 20. Suppose -3*i - 6*y = -l*y - 644, -i + 238 = 5*y. Is i a prime number?
False
Suppose -z + k = -7 - 6, 0 = -z - 5*k - 17. Let q be (90/z)/(-3 + (-189)/(-72)). Is ((-42)/q)/7 - (-13608)/10 a composite number?
False
Let g = -25 - -32. Let d(c) = 6*c - 37. Let x be d(g). Suppose -3*j - 2*p + 891 = 0, -x*j + 0*p = 2*p - 1489. Is j composite?
True
Suppose 3*s = -4*b + 13935, -2*s + 3*b = -b - 9310. Let h = s + -1700. Is h composite?
True
Let c(d) = d**2 + 7*d + 10. Let n be c(-5). Suppose -4*z + y + 181 = 0, y = -z - n*z + 44. Suppose -l + 169 + z = 0. Is l prime?
False
Suppose -2*y - y + 21 = 0. Let n(m) = y + 5 + 0*m + 11*m. Is n(10) a composite number?
True
Let i be 2/5 - 5/((-50)/128196). Suppose -16*w + i = -12*w. Is w a composite number?
True
Let b(s) = s**2 - 18*s - 40. Let j be b(20). Suppose x = -3*x - 2*q + 4534, 4*x = 5*q + 4569. Suppose 2*r - x + 142 = j. Is r a prime number?
False
Let o = 286350 + -25591. Is o composite?
True
Suppose -105*j - 143*j + 8282920 = -208*j. Is j a prime number?
True
Suppose -2*v + 4 = -2*g - 6*v, -3*g + 10 = -2*v. Suppose -4*u - 19 = g*l - u, -3*l + 3*u = -9. Is 3/(18/9926) + l/(-3) composite?
True
Let j be 13550*(-3 + 1 + (-10)/(-4)). Suppose -j = 2*a + 1415. Is -1 + 10/8 + a/(-52) composite?
False
Suppose -8*j + 3101 = -7995. Suppose s + c = 4*s - j, 3*s + 5*c - 1381 = 0. Suppose -69 - s = -9*a. Is a a prime number?
True
Let w(t) = 15*t**2 - 46*t + 44. Suppose -3*v + 6 = 0, 3*p = -2*v + 5*v + 69. Is w(p) prime?
True
Is 22/(-33)*2064598/(-28) + 42/(-441) a composite number?
False
Let m(t) = 4*t**2 - 4. Let g be m(2). Suppose -g*x + 9*x = -2*y + 5164, -5*x - 7747 = -3*y. Is y a prime number?
True
Suppose -j + 6*u = -127115, -j - 117*u + 127171 = -115*u. Is j a composite number?
False
Let z = -12 - -14. Let j(p) = 2*p**z + 29*p + 16 - 5*p**2 + 1 + 13*p**2. Is j(-12) a prime number?
True
Let r(z) = 6*z**3 - 6*z**2 + z - 1. Let u(i) be the first derivative of 3*i**2/2 + 31*i + 9. Let y be u(-9). Is r(y) composite?
True
Suppose -y - 2*j = 11, 2*j = 4*y - 8*y - 68. Is 400242/114 - 2/y a prime number?
True
Let j = 875 + 59. Suppose b - j = -5*h, -7*b + 2*h = -11*b + 3790. Let a = 220 + b. Is a a composite number?
True
Is (-12 - (-16489)/11)*(-1 + 54) composite?
True
Suppose 5 = -4*x + 5*a + 13, -6 = -3*x + a. Suppose -x*f + 3259 = 10*d - 5*d, 2*f - 2*d = 3280. Is f prime?
True
Suppose -4*g = 3*h - 17 - 40, 0 = 4*h + 4*g - 72. Is 320754/70 - (-12)/h a prime number?
True
Let p = 179429 - 14460. Is p composite?
True
Is 778416/12*(-4 + (-34)/(-8)) prime?
True
Suppose 272*d - 275*d = -630171. Is d a composite number?
True
Let y = 354 - -106. Let j = -931 + y. Let k = 662 + j. Is k a composite number?
False
Let b(t) = 134*t**2 + 3*t + 3. Let r be b(-5). Suppose 5*g = q + 17246, -g = 3*q - 108 - r. Is g prime?
True
Let w(k) = -k**3 + 25*k**2 - 29*k - 61. Let z be w(25). Let i = z - -1241. Suppose 2*u - i = 911. Is u a prime number?
True
Let s(m) = 70*m**2 - 13*m + 50. Is s(9) a prime number?
False
Let r(l) = -l**3 - 4*l - 1. Let u be r(-2). Suppose 30 + 15 = u*a. Suppose 2*k - 10344 = -i, -5*i - 4640 = -a*k + 10863. Is k a composite number?
False
Let k be 2/8 - 18238/(-8). Let l be 2276*(3 + (-13)/(13/2)). Suppose -3*m + 0*m + k = 3*t, t - l = -3*m. Is m a prime number?
False
Is 36557 + (10 - 14) + -14 a composite number?
True
Suppose 1 = -3*j + 2*j. Let l = 2 - j. Suppose l*g = -g + 348. Is g a composite number?
True
Let n(z) = -z**3 + 4*z**2 + 6*z - 12. Let h be n(4). Let r be 3 + h/(-1)*(-45)/18. Suppose r*d = 37*d - 44. Is d a prime number?
True
Let u(q) = 9 - 59*q + q**2 + 116*q - 55*q. Let y be u(0). Is (6 - 3 - (-2 + y)) + 330 prime?
False
Suppose 2*l + 2*x = 6*x - 10, 4*l - 5*x = -8. Suppose -2*r = -l*i - 2302, -3453 = -3*r + 2*i - 3*i. Is r composite?
False
Let l = 23154 + 4441. Is (-3 - l)*(-13)/26 composite?
False
Let g(x) = 12*x**2 - 28*x - 71. Let z = 242 - 260. Is g(z) a composite number?
True
Suppose 4*g - 25561 = -y + 32390, -g - 2*y = -14479. Is g composite?
False
Suppose 37 + 21 = -2*b - 4*h, 15 = -3*h. Let m(y) = -y**3 - 20*y**2 - 24*y - 5. Let o be m(b). Suppose g - o = 95. Is g a composite number?
True
Is (-23)/(198/(-297)*(3415/(-3418) - -1)) composite?
True
Let b be ((-80)/(-25) + -4)*5. Let o(n) = 2224*n**2 - 9*n - 17. Is o(b) prime?
True
Suppose 0 = 10*k - 10918 - 27992. Let z = 8162 - k. Is z a composite number?
False
Let b(x) = x. Let j(v) = 9*v**2 - 2*v - 20. Let r(m) = -3*b(m) - j(m). Let c be r(-4). Let i = -11 - c. Is i a prime number?
True
Let o(z) = 3*z**2 + 3*z + 1. Let x(k) = k**3 + 7*k**2 - 6. Suppose a = u + u + 1, -3*a - 17 = -u. Let f be x(a). Is o(f) composite?
True
Let i(z) = 7608*z + 33. Let v be i(-7). Is ((v/(-6))/((-1)/(-2)))/1 a prime number?
False
Suppose -3*r - 23 = -5. Let 